 - -5. Let o(a) = -a**2 + 2*a + 3. What is o(f)?
-5
Let b(f) be the third derivative of -f**5/60 - 5*f**4/12 - 2*f**3/3 + 18*f**2. What is b(-8)?
12
Let s be (-2)/(-2) - 12/2. Let c(v) be the second derivative of v**3/6 - v**2/2 - 4*v. Calculate c(s).
-6
Let i = 742 - 740. Let l = -3 + 6. Let m(h) = -1 - 4 - l*h**2 + 2 + 4*h. What is m(i)?
-7
Let l = 12 + -8. Let t(p) = 6 + 0 - l*p - 2. Determine t(3).
-8
Let p be -1 - (3*(-3 - -2) - -1). Let j(n) = -9*n + 1. Give j(p).
-8
Let n(y) = -2*y**3 + 4*y**2 - y - 4. Let g(q) = -q**2 + 1. Let v(o) = 4*g(o) + n(o). What is v(-1)?
3
Let r(t) = t**2 + t - 1. Let d(v) be the second derivative of -v**4/6 - 3*v**3/2 + v**2/2 - v. Let w(y) = -d(y) - 3*r(y). Give w(5).
7
Let r(s) = -4*s**2 + 2*s + 3. Let c(t) = 3*t**2 - t - 3. Let p(u) = -5*c(u) - 4*r(u). Determine p(3).
3
Let l(w) = -w**3 - 4*w**2 - w. Suppose 0*c - 5*c + 8 = -z, -5*c = 5*z - 20. Let f = c - 6. Give l(f).
4
Let v = -13 + 12. Let s = v + 5. Let z(h) be the third derivative of -h**4/24 + 5*h**3/6 + h**2. Calculate z(s).
1
Let t(q) = 4*q - 2. Let w = -30 - -32. Calculate t(w).
6
Suppose -g = -5*m + g + 6, -g + 10 = 4*m. Let p(n) = 3*n**2 - 3 + n**3 + 2*n**m + 2*n**2 + 4*n + n. Give p(-6).
3
Let u(t) = -2*t + 1 + 0 + 4. Let p be 5 - (0/3)/2. Determine u(p).
-5
Let u(n) = -3*n**2 - 16*n + 7. Let p(d) = d**2 + 6*d - 2. Let h(o) = -11*p(o) - 4*u(o). What is h(5)?
9
Let k(p) = 4*p**2 - 4*p + 5. Let n(w) = -12*w**2 + 11*w - 14. Let l(z) = -11*k(z) - 4*n(z). Determine l(1).
5
Let n(a) = a**3 + 7*a**2 + 9*a + 3. Let k(d) = -d**2 - 8*d + 5. Let j be k(-9). Let h = j + -2. Give n(h).
-15
Let z be 0*((-9)/3)/3. Suppose -2*g + 6 + 0 = z. Suppose g - 1 = s. Let v(p) = -p. What is v(s)?
-2
Let j(u) be the first derivative of u**3/2 + u**2 - u + 8. Let g(c) be the first derivative of j(c). Give g(-4).
-10
Let t(x) = 2*x + 5. Let n = -2 + 17. Suppose -5*v = -q - 45, 3*v + q = 2*v + n. Let w be ((-24)/30)/(2/v). What is t(w)?
-3
Let p be 1/((-1)/15*-3). Suppose -p*o + 3*o + 4 = 0. Let u(d) = 3*d**o - 3 - 7*d**2 - 5*d + 3*d**2. Give u(-2).
3
Let p(h) = -h**3 - 5*h**2 - 5*h - 3. Let y = -8 + 4. Determine p(y).
1
Let n be 3 + (-2 - 3) + -3. Let f be 2*1/1*-2. Let c = f - n. Let w(s) = 5*s**3 + s**2 - s + 1. Give w(c).
6
Let s(u) = -7*u**2 + 11*u - 4. Let g(y) = 20*y**2 - 32*y + 11. Let c(v) = 6*g(v) + 17*s(v). Determine c(5).
-2
Let b(r) = -r**2 + 4*r + 4. Suppose 0 = 4*x - 5*y - 66, x = y + 6 + 10. Suppose -2*a + 4*g = x, -2*a = 2*g + g - 21. Calculate b(a).
7
Let u be (0 - 0) + -3 - 4. Let r(g) = g**2 + 9*g + 9. What is r(u)?
-5
Let q = -6 - 0. Let k(v) = -v - 1. Let f be k(q). Let p(i) = -f*i - 1 - 1 + 1. Determine p(-1).
4
Let g(f) = -f**3 - 5*f**2 + 7*f + 9. Let v be g(-6). Let t = 0 + 2. Let a(q) = q**2 - 3*q**v - 1 + 2*q - t*q**2 + 0*q**3. What is a(1)?
-3
Let n be ((1/3)/1)/(1/6). Let y(f) = -3*f. Give y(n).
-6
Let k(x) = -3*x - 15. Let w be k(-6). Suppose -m + 4*j - 6*j = 0, -m - 5*j = -w. Let p(n) = n**2 + 4*n + 1. Calculate p(m).
-3
Suppose -k - o + 3 = 0, -o - 3*o - 18 = -k. Let v(j) = 3*j + 3*j + j**2 - 2 - 2*j**2. Determine v(k).
-2
Let m(x) = -x**3 - 6*x**2 + 8*x + 4. Suppose 0 = -0*g - g, 5*b - 5*g + 35 = 0. Calculate m(b).
-3
Let x(n) = n**3 + 5*n**2 - 8*n - 1. Let s be -1 - (30/(-10) - (0 + -8)). Give x(s).
11
Let m(u) = 9*u**3 - u**2 - 13*u - 7. Suppose 16 - 4 = 4*o. Let a(h) = -2*h - h**2 - 2*h**3 - 3 - 4*h + 6*h**3. Let v(b) = o*m(b) - 7*a(b). Determine v(5).
-10
Let j be (-4)/(-6)*(-2 - 1). Let i(m) = -7*m**3 + 2*m. Let g = 22 + -21. Let r(b) = -b**3. Let o(h) = g*i(h) - 6*r(h). What is o(j)?
4
Let p(i) be the first derivative of i - 2 - i**3 + 1/2*i**4 + i**2. Give p(2).
9
Let w(h) = -14*h - 9. Let x(n) = 5*n + 3. Let j(g) = -3*w(g) - 8*x(g). Calculate j(-5).
-7
Let c(p) = -2 - 10*p**2 - 4*p - 2 + p + 11*p**2. Let i = 37 - 25. Let s be 5*(i/(-10) - -2). What is c(s)?
0
Let b = 4 + -1. Suppose 0 = -v + b*v + 8. Let l(a) = a**3 + 5*a**2 + a. Determine l(v).
12
Let g(v) be the second derivative of -5*v**4/12 + v**3/6 - v**2/2 + 12*v. Determine g(1).
-5
Let m(d) = 3*d - 3. Let g be ((-6)/21)/(6/(-84)). Let l be (g/(-8))/((-3)/18). What is m(l)?
6
Let v(q) = -q**3 - 4*q + 2*q + 2 + 2*q**3 + 3*q**2 + q**3. Calculate v(-3).
-19
Let r(n) = n**3 + 4*n**2 + n - 4. Suppose 2*f - 3*f - 2*d + 15 = 0, 4*f - d = 15. Suppose f*w = -t - 23, -t = w - 5 + 12. Let k be 6/(6*1/w). Determine r(k).
-8
Suppose 4*v = -2*r + 24, 3*v - r + 6 = 4*v. Let m be (-4)/v - 16/(-6). Suppose 10 = -7*s + 2*s, -m*s - 10 = 2*y. Let p(f) = -f - 2. What is p(y)?
1
Let u(q) = -3*q + 2. Let d = -8 + 13. Let p(s) = -s + 10. Let h be p(-7). Suppose 0 = d*a + h - 7. Determine u(a).
8
Let m be -5*(17/5 + -3). Let x(d) = 5*d**2 + 4*d + 4. Let o(t) = -4*t**2 - 3*t - 3. Let v(k) = -7*o(k) - 6*x(k). Give v(m).
-5
Let k(f) = f**2 + 3*f - 5. Let c(j) = -7*j + 3*j**2 + 2*j**2 - 5 + 8*j**3 - 7*j**3. Let w be c(-6). Suppose w = -4*z - 15. Determine k(z).
-1
Let g = 58 + -62. Let f(j) = -j**3 - 4*j**2 + 2*j + 4. Give f(g).
-4
Let f(r) be the first derivative of r**3 - r**2/2 + 2. Let i be f(1). Let h(s) = -2*s + 0*s**2 - s**2 - 1 + 3. Give h(i).
-6
Let k(g) be the first derivative of 0*g**2 + 4/3*g**3 - 7 + 0*g. Calculate k(1).
4
Let w(p) = -13*p + 4. Let a(r) = -3*r + 1. Let s(h) = 9*a(h) - 2*w(h). Calculate s(3).
-2
Let h(s) be the second derivative of -s**4/12 + s**3 - s**2 + 50*s. Suppose 4*l = -12, -r - 2*l - 2 = 1. Give h(r).
7
Let d(j) = -2*j**2 + j - 1. Let a(m) = -m**2 + m + 1. Let s be a(0). What is d(s)?
-2
Let w(l) = -6*l + 6 + 11 - 5. Let o(a) be the third derivative of a**4/8 - a**3 - a**2. Let r(b) = 5*o(b) + 3*w(b). Give r(5).
-9
Let o(z) = z - 4. Let w(y) = -y**3 - 2*y + 1. Let j be w(1). Let t = 2 - j. Suppose 0 = -g + t*g. Determine o(g).
-4
Let d(v) be the third derivative of v**8/6720 + v**7/504 + v**6/360 - v**5/60 - v**4/8 - v**2. Let u(h) be the second derivative of d(h). Determine u(-2).
6
Let z be 4/4*(-1)/(-1). Suppose r - z = -5. Let o be 2/r*(0 - 0). Let c(q) = q + 8. What is c(o)?
8
Let h(o) = -o**3 + 11*o**2 - 3*o + 15. Let n be h(11). Let i = n + 22. Let z(l) = -l**2 + 5*l - 1. Calculate z(i).
3
Let d(m) be the first derivative of -m - 7/3*m**3 + 0*m**2 + 3. Give d(-1).
-8
Let f(a) = 2 + 8*a - 12*a + 5*a + a**2. Let k be (-2)/((-1)/(-4)*-2). Suppose 0 = -5*c - 5*j - 10, k*j - 6*j = 3*c + 2. Calculate f(c).
8
Suppose 3*q = 5*q - 4. Suppose 5*j = q - 7. Let y(i) = 3*i**2. What is y(j)?
3
Let r(w) = w**3 + 8*w**2 + 8*w - 1. Suppose -7*f - 49 = -0*f. Let p be f - (0 - 0)/(-4). Give r(p).
-8
Let m(f) = f**2 + f. Let l be (1 + -1)*(-6)/(-12). Let r = -3 + l. Determine m(r).
6
Let d(o) = 2*o - 14. Let g be d(12). Let s(z) be the first derivative of -1 - 1/2*z**2 + g*z. What is s(0)?
10
Let m(h) = -4*h**2 - 7*h - 4. Let o be m(-2). Let x(w) = w**2 + 2*w - 4. Determine x(o).
20
Let f be 1/((-4 + 1)/15). Let k = 4 + f. Let j(m) = -1 - 3*m**2 + 0 + 0*m**2 - 2*m. Calculate j(k).
-2
Suppose -3*c - i + 0 = -4, -i = 4*c - 4. Let o(j) be the first derivative of -7*j + c*j**3 + 1 + 0*j**2 - 1/4*j**4. Give o(0).
-7
Let s(k) be the second derivative of k**5/5 - k**4/12 + k**3/6 + 3*k. Let b = -10 - -11. Give s(b).
4
Let c(w) = w**3 + 5*w**2 + 6*w + 3. Let t be 2/(3*(-2 + (-33)/(-18))). Give c(t).
-5
Let i(n) = n**2 + 6*n + 3. Let f(v) be the first derivative of 2 + 1/2*v**2 - 2*v. Let t be f(-3). Give i(t).
-2
Let k(w) be the second derivative of -w**5/20 + w**3/6 - 9*w**2/2 + 7*w. Determine k(0).
-9
Let f(n) be the second derivative of -3*n**5/4 + n**4/12 + 2*n. What is f(1)?
-14
Suppose -4*m + 8 = -5*m + 2*z, -3*z + 11 = -2*m. Let g(v) = -v**2 + 2*v - 1. Determine g(m).
-1
Let k = 8 - 3. Let q(p) = 16*p**3 - 34*p**3 + 0*p**2 - 3 - 4*p + 19*p**3 - 4*p**2. Determine q(k).
2
Let t(f) = -6*f - 1. Let o(k) = 7 + k - 5 + 4. Let h be o(-4). Suppose -3*w = -4*w + 1, h*w = -2*p. What is t(p)?
5
Let q(t) be the first derivative of t**2/2 + 2. Let x be q(0). Let j(z) be the first derivative of z**4/4 - z**3/3 + z**2/2 - 6*z - 3. Calculate j(x).
-6
Let l(w) = -w**2 + 1. Let f be (-15)/20 + (-9)/4. Let n(t) = -5*t**2 + t - 3. Let s(q) = f*l(q) - n(q). Give s(-1).
9
Let o(c) = 8*c**3 + 10 - 2*c**3 - 5*c**3 - 8*c**2 + 6*c. Let p be o(7). Let b(v) = -v**3 + v**2 + 4*v. Determine b(p).
-6
Let m